he remainder when 1177 is divided by 19.
18
What is the remainder when 4485 is divided by 33?
30
Calculate the remainder when 250 is divided by 69.
43
Calculate the remainder when 236 is divided by 21.
5
What is the remainder when 211 is divided by 106?
105
What is the remainder when 1119 is divided by 33?
30
Calculate the remainder when 944 is divided by 86.
84
What is the remainder when 131 is divided by 22?
21
What is the remainder when 1464 is divided by 98?
92
What is the remainder when 208 is divided by 21?
19
What is the remainder when 5675 is divided by 129?
128
What is the remainder when 5467 is divided by 195?
7
Calculate the remainder when 170 is divided by 35.
30
What is the remainder when 678 is divided by 77?
62
Calculate the remainder when 311 is divided by 4.
3
What is the remainder when 48157 is divided by 32?
29
What is the remainder when 1915 is divided by 325?
290
What is the remainder when 149 is divided by 15?
14
What is the remainder when 4677 is divided by 90?
87
What is the remainder when 602 is divided by 122?
114
What is the remainder when 203 is divided by 40?
3
What is the remainder when 3518 is divided by 1172?
2
Calculate the remainder when 551 is divided by 279.
272
Calculate the remainder when 112 is divided by 55.
2
Calculate the remainder when 1226 is divided by 302.
18
What is the remainder when 345 is divided by 10?
5
What is the remainder when 44989 is divided by 64?
61
What is the remainder when 71 is divided by 12?
11
What is the remainder when 126 is divided by 36?
18
What is the remainder when 414 is divided by 114?
72
Calculate the remainder when 1808 is divided by 324.
188
Calculate the remainder when 2683 is divided by 11.
10
Calculate the remainder when 4909 is divided by 20.
9
Calculate the remainder when 394 is divided by 60.
34
What is the remainder when 894 is divided by 223?
2
What is the remainder when 1977 is divided by 66?
63
Calculate the remainder when 195 is divided by 11.
8
What is the remainder when 630 is divided by 108?
90
Calculate the remainder when 159 is divided by 13.
3
What is the remainder when 884 is divided by 129?
110
Calculate the remainder when 775 is divided by 189.
19
What is the remainder when 209 is divided by 33?
11
What is the remainder when 1723 is divided by 19?
13
Calculate the remainder when 108 is divided by 87.
21
Calculate the remainder when 135 is divided by 36.
27
Calculate the remainder when 1528 is divided by 87.
49
Calculate the remainder when 133 is divided by 10.
3
Calculate the remainder when 2030 is divided by 67.
20
Calculate the remainder when 387 is divided by 95.
7
What is the remainder when 43 is divided by 39?
4
What is the remainder when 771 is divided by 249?
24
Calculate the remainder when 2474 is divided by 165.
164
What is the remainder when 1677 is divided by 120?
117
What is the remainder when 35 is divided by 12?
11
What is the remainder when 187 is divided by 45?
7
Calculate the remainder when 7825 is divided by 30.
25
What is the remainder when 1572 is divided by 21?
18
Calculate the remainder when 1227 is divided by 9.
3
What is the remainder when 57 is divided by 15?
12
Calculate the remainder when 6799 is divided by 33.
1
What is the remainder when 5938 is divided by 13?
10
Calculate the remainder when 130 is divided by 4.
2
What is the remainder when 5697 is divided by 1138?
7
Calculate the remainder when 28 is divided by 16.
12
Calculate the remainder when 5 is divided by 5.
0
What is the remainder when 2997 is divided by 79?
74
What is the remainder when 86 is divided by 44?
42
Calculate the remainder when 1032 is divided by 15.
12
Calculate the remainder when 538 is divided by 131.
14
What is the remainder when 610 is divided by 30?
10
Calculate the remainder when 54 is divided by 27.
0
What is the remainder when 379 is divided by 111?
46
Calculate the remainder when 380 is divided by 131.
118
What is the remainder when 7985 is divided by 35?
5
What is the remainder when 939 is divided by 47?
46
Calculate the remainder when 876 is divided by 30.
6
What is the remainder when 161 is divided by 11?
7
What is the remainder when 1354 is divided by 322?
66
Calculate the remainder when 117 is divided by 59.
58
What is the remainder when 59 is divided by 31?
28
What is the remainder when 110 is divided by 104?
6
What is the remainder when 443 is divided by 32?
27
What is the remainder when 1213 is divided by 53?
47
What is the remainder when 2798 is divided by 70?
68
What is the remainder when 228 is divided by 35?
18
What is the remainder when 405 is divided by 59?
51
Calculate the remainder when 174 is divided by 32.
14
What is the remainder when 5667 is divided by 95?
62
Calculate the remainder when 52 is divided by 28.
24
What is the remainder when 797 is divided by 47?
45
Calculate the remainder when 705 is divided by 195.
120
What is the remainder when 3131 is divided by 4?
3
Calculate the remainder when 135 is divided by 18.
9
What is the remainder when 231 is divided by 1?
0
Calculate the remainder when 460 is divided by 66.
64
Calculate the remainder when 981 is divided by 263.
192
What is the remainder when 216 is divided by 37?
31
What is the remainder when 1198 is divided by 22?
10
What is the remainder when 14270 is divided by 213?
212
What is the remainder when 244 is divided by 41?
39
What is the remainder when 403 is divided by 99?
7
What is the remainder when 505 is divided by 167?
4
Calculate the remainder when 235 is divided by 77.
4
Calculate the remainder when 256 is divided by 42.
4
What is the remainder when 5559 is divided by 1387?
11
What is the remainder when 244 is divided by 75?
19
Calculate the remainder when 309 is divided by 17.
3
What is the remainder when 178 is divided by 13?
9
Calculate the remainder when 357 is divided by 123.
111
Calculate the remainder when 8 is divided by 2.
0
Calculate the remainder when 340 is divided by 65.
15
Calculate the remainder when 632 is divided by 333.
299
Calculate the remainder when 187 is divided by 63.
61
Calculate the remainder when 73407 is divided by 10.
7
Calculate the remainder when 1235 is divided by 249.
239
What is the remainder when 17 is divided by 9?
8
Calculate the remainder when 395 is divided by 11.
10
What is the remainder when 115 is divided by 31?
22
Calculate the remainder when 10288 is divided by 14.
12
What is the remainder when 2299 is divided by 152?
19
Calculate the remainder when 34 is divided by 20.
14
Calculate the remainder when 679 is divided by 31.
28
What is the remainder when 37 is divided by 8?
5
What is the remainder when 7714 is divided by 249?
244
What is the remainder when 2217 is divided by 184?
9
Calculate the remainder when 652 is divided by 206.
34
Calculate the remainder when 313 is divided by 303.
10
What is the remainder when 245 is divided by 52?
37
Calculate the remainder when 118 is divided by 15.
13
What is the remainder when 2018 is divided by 15?
8
What is the remainder when 1659 is divided by 139?
130
Calculate the remainder when 336 is divided by 20.
16
Calculate the remainder when 1476 is divided by 19.
13
Calculate the remainder when 333 is divided by 14.
11
What is the remainder when 155 is divided by 16?
11
What is the remainder when 2606 is divided by 1298?
10
What is the remainder when 921 is divided by 456?
9
Calculate the remainder when 290 is divided by 156.
134
Calculate the remainder when 245 is divided by 37.
23
Calculate the remainder when 455 is divided by 92.
87
Calculate the remainder when 575 is divided by 32.
31
Calculate the remainder when 1797 is divided by 60.
57
What is the remainder when 244 is divided by 64?
52
Calculate the remainder when 41291 is divided by 372.
371
What is the remainder when 158 is divided by 28?
18
Calculate the remainder when 166 is divided by 30.
16
What is the remainder when 39417 is divided by 90?
87
What is the remainder when 11 is divided by 2?
1
Calculate the remainder when 130 is divided by 28.
18
Calculate the remainder when 273 is divided by 52.
13
Calculate the remainder when 227 is divided by 114.
113
Calculate the remainder when 449 is divided by 53.
25
Calculate the remainder when 344 is divided by 39.
32
What is the remainder when 3688 is divided by 3